 in base 14?
1a37c
Convert 281885 (base 9) to base 8.
520010
Convert -7978161 (base 10) to base 12.
-2808ba9
Convert 23035 (base 15) to base 16.
1b341
-696199 (base 12) to base 8
-6345205
Convert 5011994 (base 10) to base 14.
946758
Convert -4403304144 (base 5) to base 3.
-122202011222220
-518562 (base 14) to base 15
-394ea4
What is 100ba6 (base 13) in base 16?
5b228
-1b9964 (base 16) to base 10
-1808740
What is 2918a7 (base 12) in base 5?
133443140
What is 134134 (base 8) in base 12?
23390
5301a0 (base 12) to base 14
26026c
-63b27 (base 15) to base 12
-133117
What is -53049 (base 13) in base 3?
-21121000110
What is 17479285 (base 10) in base 8?
102533165
2376a (base 14) to base 16
15202
-1515431 (base 7) to base 16
-324c2
Convert 43423521 (base 7) to base 4.
32030103312
1339571 (base 10) to base 16
1470b3
1026872 (base 10) to base 8
3725470
What is 1123100301 (base 4) in base 11?
235937
What is 30000131210 (base 4) in base 3?
12220220201112
What is -43854 (base 9) in base 10?
-29128
What is -1327c1 (base 13) in base 11?
-296706
211233442 (base 7) to base 11
7077113
-54dfcd (base 16) to base 11
-315a062
5935ac (base 16) to base 11
333357a
-10010120121102 (base 3) to base 15
-22d3d5
What is -1501465 (base 8) in base 10?
-426805
Convert -102221002111101 (base 3) to base 6.
-343514401
What is -48791 (base 11) in base 14?
-1b7d5
632312 (base 7) to base 9
175325
Convert -84043 (base 9) to base 16.
-d893
-1834a2 (base 11) to base 10
-282768
Convert -31203131 (base 4) to base 12.
-28165
Convert -1220101001 (base 3) to base 16.
-924a
Convert -139533 (base 10) to base 11.
-95919
Convert 6e58a (base 16) to base 6.
13404254
547ba (base 12) to base 7
643531
-545737 (base 10) to base 16
-853c9
What is 413301121 (base 5) in base 12?
69a0b8
Convert -13441102 (base 5) to base 6.
-3000504
What is -717c9 (base 13) in base 5?
-23002342
-12512037 (base 8) to base 2
-1010101001010000011111
Convert -1111110001110110001 (base 2) to base 13.
-151455
What is 22031326 (base 7) in base 11?
1081070
Convert -104231512 (base 6) to base 3.
-10112211012222
23664161 (base 7) to base 11
1216384
What is 5240600 (base 9) in base 6?
140020213
What is -494695 (base 11) in base 5?
-200012002
5014211 (base 6) to base 10
235519
-323212230310 (base 4) to base 11
-8902337
Convert -153770 (base 13) to base 5.
-113200323
Convert -2077087 (base 12) to base 2.
-10111011000011010100111
Convert -11220406 (base 7) to base 14.
-1b7106
What is 1334442441 (base 6) in base 12?
5503421
What is 2138601 (base 9) in base 4?
10120100131
What is 533910 (base 10) in base 11?
335153
Convert 952c1 (base 13) to base 6.
5431105
Convert 8709e8 (base 16) to base 2.
100001110000100111101000
Convert 1250661 (base 8) to base 4.
1111012301
What is -3522330 (base 6) in base 13?
-64abb
Convert -2221011220112 (base 3) to base 7.
-16150556
Convert 310321112 (base 4) to base 2.
110100111001010110
What is ccb9c (base 16) in base 2?
11001100101110011100
Convert -a5921 (base 15) to base 9.
-880364
What is -213040 (base 8) in base 2?
-10001011000100000
What is -2511303 (base 6) in base 3?
-20210120010
What is 52331053 (base 7) in base 10?
4411018
Convert 124159 (base 12) to base 2.
1001000100111010101
-5343362 (base 7) to base 15
-cc695
What is -6860453 (base 10) in base 11?
-39663a6
What is -62461 (base 13) in base 16?
-2b183
Convert -1343410 (base 5) to base 7.
-144401
What is -2c0a3 (base 13) in base 14?
-2268b
What is -1f7223 (base 16) in base 15?
-2aa940
Convert 4a9434 (base 12) to base 13.
338a22
What is 13369a6 (base 12) in base 7?
44232414
Convert -11100101010001010111 (base 2) to base 10.
-939095
Convert 31b706 (base 12) to base 11.
498526
Convert 9e8be8 (base 16) to base 2.
100111101000101111101000
Convert 2011542 (base 8) to base 4.
2001031202
Convert -11122210101 (base 3) to base 5.
-10413302
-845504 (base 9) to base 16
-7aba2
Convert 2411111 (base 6) to base 8.
366023
What is -243024013 (base 5) in base 12?
-471127
What is 103da1 (base 14) in base 8?
2057611
Convert 68977 (base 16) to base 3.
210202122221
Convert -45546154 (base 7) to base 16.
-3cb3da
-11526413 (base 7) to base 16
-fc065
What is 6254165 (base 7) in base 13?
204968
What is -53207 (base 8) in base 16?
-5687
Convert -201121222201 (base 3) to base 9.
-647881
Convert -11111111001100101 (base 2) to base 7.
-1052636
What is -22047532 (base 8) in base 14?
-8b5014
-99a95 (base 12) to base 11
-12a079
12012002211121 (base 3) to base 10
2757688
What is -417e3b (base 15) in base 16?
-2f87cc
-1150521312 (base 6) to base 7
-220121312
-17d529 (base 16) to base 10
-1561897
-72317 (base 10) to base 6
-1314445
-b59491 (base 14) to base 16
-5d97f7
Convert -12259a (base 14) to base 3.
-1011120012122
What is 1531b6 (base 13) in base 8?
1771457
What is 53225 (base 10) in base 12?
26975
-24122443 (base 6) to base 14
-15a08b
What is -101010000000010100110 (base 2) in base 5?
-323021142
Convert -31003211 (base 5) to base 11.
-161175
30111232 (base 4) to base 8
142556
242aa (base 11) to base 8
104230
What is -317832 (base 10) in base 6?
-10451240
What is 424312 (base 8) in base 15?
2bde4
Convert -11201331232 (base 4) to base 11.
-900315
What is -2780547 (base 11) in base 14?
-8c8dcb
2770d1 (base 14) to base 16
14cfef
What is 43504 (base 10) in base 6?
533224
11111010100001010 (base 2) to base 3
20111221121
Convert 112395 (base 13) to base 2.
1100010110110001101
-110101001000000000001110 (base 2) to base 16
-d4800e
Convert -22230255 (base 7) to base 8.
-7254413
What is -14563d3 (base 14) in base 3?
-200121110201211
What is -232002 (base 6) in base 9?
-30232
Convert -220313300 (base 4) to base 15.
-34908
Convert 132192 (base 11) to base 10.
207858
Convert -20043032 (base 6) to base 15.
-b294e
-4103225 (base 7) to base 9
-824142
What is 503335 (base 9) in base 6?
10214135
13a440 (base 12) to base 6
11014520
Convert -10101100110100110 (base 2) to base 12.
-4325a
6a711 (base 15) to base 3
122020010221
Convert 12d57 (base 16) to base 7.
440623
What is 101111101000111 (base 2) in base 16?
5f47
-10d969 (base 14) to base 10
-575353
What is 326527 (base 8) in base 7?
635304
Convert -11100253 (base 6) to base 14.
-89c6d
Convert 422238 (base 9) to base 6.
5213525
What is 117343 (base 8) in base 16?
9ee3
What is -11202321 (base 6) in base 15?
-6b817
44604 (base 9) to base 14
ab3c
Convert -55354415 (base 6) to base 5.
-411220122
What is 110100000100000000 (base 2) in base 6?
4323132
Convert 11021201111 (base 3) to base 14.
22a5b
Convert 10213113212 (base 4) to base 5.
302203310
What is -116642 (base 11) in base 16?
-2d082
-313215 (base 9) to base 2
-101101011011010111
What is -1300733 (base 8) in base 3?
-200100002112
What is -2055054 (base 8) in base 2?
-10000101101000101100
What is -2031b (base 16) in base 10?
-131867
10010101010010110101111 (base 2) to base 6
252504303
Convert -264167 (base 9) to base 14.
-426dc
Convert 321404521 (base 6) to base 7.
66154405
-356d5 (base 16) to base 10
-218837
162435 (base 11) to base 14
67c1b
-230011 (base 5) to base 14
-2d6b
20000122313 (base 4) to base 10
2098871
17301a4 (base 11) to base 2
1011001110100001100100
a4918 (base 11) to base 6
3135334
What is 296d29 (base 14) in base 12?
595709
What is -26515606 (base 7) in base 5?
-1111111211
Convert -524042154 (base 6) to base 10.
-9150262
-4ea38 (base 16) to base 14
-85556
What is -435216 (base 7) in base 4?
-102213201
What is -2510344 (base 7) in base 9?
-540521
What is -100000101010100000101101 (base 2) in base 7?
-132532144
465401 (base 9) to base 10
279532
What is b1aa (base 15) in base 16?
9286
Convert -343111430 (base 5) to base 10.
-1535240
Convert 176f54 (base 16) to base 7.
16024430
1164 (base 15) to base 3
12001211
1a11990 (base 12) to base 7
64506441
-2002521 (base 10) to base 16
-1e8e59
Convert -1001000000011101010 (base 2) to base 12.
-122976
What is 176443 (base 8) in base 13?
2365b
-59e3a (base 15) to base 6
-10051201
169345 (base 10) to base 15
3529a
Convert 604401 (base 8) to base 2.
110000100100000001
29292 (base 13) to base 12
38920
-a0dc7 (base 15) to base 10
-509362
What is -445325525 (base 6) in base 3?
-120020110022022
-6974784 (base 10) to base 13
-15a28bb
-10100111110111100011110 (base 2) to base 15
-739c87
-11000110011100100101000 (base 2) to base 9
-13211017
Conve